{"version":"1.0","provider_name":"DANS6T Compagnie","provider_url":"https:\/\/dans6t.com\/compagnie","author_name":"Dans6t Dans6t","author_url":"https:\/\/dans6t.com\/compagnie\/author\/dans6t\/","title":"des danses et des luttes - DANS6T Compagnie","type":"rich","width":600,"height":338,"html":"<blockquote class=\"wp-embedded-content\" data-secret=\"yNPToYTxme\"><a href=\"https:\/\/dans6t.com\/compagnie\/des-danses-et-des-luttes\/\">des danses et des luttes<\/a><\/blockquote><iframe sandbox=\"allow-scripts\" security=\"restricted\" src=\"https:\/\/dans6t.com\/compagnie\/des-danses-et-des-luttes\/embed\/#?secret=yNPToYTxme\" width=\"600\" height=\"338\" title=\"\u00ab\u00a0des danses et des luttes\u00a0\u00bb &#8212; DANS6T Compagnie\" data-secret=\"yNPToYTxme\" frameborder=\"0\" marginwidth=\"0\" marginheight=\"0\" scrolling=\"no\" class=\"wp-embedded-content\"><\/iframe><script>\n\/*! This file is auto-generated *\/\n!function(d,l){\"use strict\";l.querySelector&&d.addEventListener&&\"undefined\"!=typeof URL&&(d.wp=d.wp||{},d.wp.receiveEmbedMessage||(d.wp.receiveEmbedMessage=function(e){var t=e.data;if((t||t.secret||t.message||t.value)&&!\/[^a-zA-Z0-9]\/.test(t.secret)){for(var s,r,n,a=l.querySelectorAll('iframe[data-secret=\"'+t.secret+'\"]'),o=l.querySelectorAll('blockquote[data-secret=\"'+t.secret+'\"]'),c=new RegExp(\"^https?:$\",\"i\"),i=0;i<o.length;i++)o[i].style.display=\"none\";for(i=0;i<a.length;i++)s=a[i],e.source===s.contentWindow&&(s.removeAttribute(\"style\"),\"height\"===t.message?(1e3<(r=parseInt(t.value,10))?r=1e3:~~r<200&&(r=200),s.height=r):\"link\"===t.message&&(r=new URL(s.getAttribute(\"src\")),n=new URL(t.value),c.test(n.protocol))&&n.host===r.host&&l.activeElement===s&&(d.top.location.href=t.value))}},d.addEventListener(\"message\",d.wp.receiveEmbedMessage,!1),l.addEventListener(\"DOMContentLoaded\",function(){for(var e,t,s=l.querySelectorAll(\"iframe.wp-embedded-content\"),r=0;r<s.length;r++)(t=(e=s[r]).getAttribute(\"data-secret\"))||(t=Math.random().toString(36).substring(2,12),e.src+=\"#?secret=\"+t,e.setAttribute(\"data-secret\",t)),e.contentWindow.postMessage({message:\"ready\",secret:t},\"*\")},!1)))}(window,document);\n\/\/# sourceURL=https:\/\/dans6t.com\/compagnie\/wp-includes\/js\/wp-embed.min.js\n<\/script>\n","description":"DES DANSES &#038; DES LUTTES conf\u00e9rence-dans\u00e9e \/\/\/ cr\u00e9ation 2025 Dans la continuit\u00e9 de ses travaux de recherche portant sur les liens entre la danse et les questions de soci\u00e9t\u00e9, Bouziane Bouteldja con\u00e7oit un projet chor\u00e9graphique explorant l&#8217;histoire des danses au service des luttes sociales et politiques \u00e0 travers le monde et celle n\u00e9es de rencontres &hellip;  Lire la suite\u00a0\u00bb","thumbnail_url":"https:\/\/dans6t.com\/compagnie\/wp-content\/uploads\/2025\/04\/White-Simple-Sign-Up-Sheet-1-1024x621.png"}

DES DANSES &#038; DES LUTTES conférence-dansée /// création 2025 Dans la continuité de ses travaux de recherche portant sur les liens entre la danse et les questions de société, Bouziane Bouteldja conçoit un projet chorégraphique explorant l&#8217;histoire des danses au service des luttes sociales et politiques à travers le monde et celle nées de rencontres &hellip;  Lire la suite »
